{"text_format":"1","workbook":"xlsx","n_sheets":4,"sheets":["Results","Members","Runners","Categories"],"not_rendered":{"charts":0,"images":0,"macros":1,"external_links":0,"defined_names":2,"comments":0,"pivot_tables":0},"unopened":[],"bounds":{"document_bytes":16777216,"sheet_cells":100000,"rows_first":2000,"rows_last":500,"rows_between":2000,"halvings":0,"cell_chars":16384,"cell_head_chars":4096},"cells_cut":0,"cells_raw":0,"read":"whole","date_system":"1900"}

{"sheet":"Results","index":0,"n_rows":14,"n_cols":12,"rows_kept":14,"cut":false,"hidden":false,"merged":[]}
[]
[]
[]
[null,null,"Club","Score","Runners","Scoring Vets","Scoring 2nd Claim",null,null,null,"Rules"]
[null,null,"BS",{"$f":"SUM(Runners!$Q$3:$Q$10)","v":161},21,{"$f":" COUNTIF(Runners!$O$3:$O$10, \"V*\")","v":6},{"$f":" COUNTIF(Runners!P2:P9, 2)","v":0},null,null,null,"Number of Scoring Runners",8]
[null,null,"HRC",{"$f":"SUM(Runners!$W$3:$W$10)","v":232},23,{"$f":" COUNTIF(Runners!$U$3:$U$10, \"V*\")","v":5},{"$f":" COUNTIF(Runners!V2:V9, 2)","v":1},null,null,null,"Number of Veterans",2]
[null,null,"SS",{"$f":"SUM(Runners!$AC$3:$AC$10)","v":139},25,{"$f":" COUNTIF(Runners!$AA$3:$AA$10, \"V*\")","v":7},{"$f":" COUNTIF(Runners!$AB$2:$AB$9, 2)","v":1},null,null,null,"Number of 2nd Claim Scorers",2]
[null,null,"WJ",{"$f":"SUM(Runners!$K$3:$K$10)","v":66},30,{"$f":" COUNTIF(Runners!$I$3:$I$10, \"V*\")","v":5},{"$f":" COUNTIF(Runners!$J$2:$J$9, 2)","v":0}]
[]
[]
[]
[]
[]
[null,null,"Maximum Score",109]

{"sheet":"Members","index":1,"n_rows":471,"n_cols":5,"rows_kept":471,"cut":false,"hidden":false,"merged":[]}
["Name","Club","Age Category","Claim","Finish Position"]
["Ali Humphrey","BS","S",1,56]
["Alasdair Bruce","BS","V40",1]
["Ben Pickford","BS","S",1,21]
["Chris Chew","BS","V50",1]
["Chris Pitts","BS","V40",1,12]
["Daniel Beazley","BS","V40",1]
["Dave Cody","BS","V40",1,20]
["David Rutter","BS","V50",1]
["Graham Slatter","BS","V60",1,68]
["James Sale","BS","S",1]
["John Appleby","BS","V40",1,55]
["John Kennedy","BS","V50",1,66]
["Kevin Mully","BS","V40",1]
["Lee Kirby","BS","V40",1,54]
["Lee Pickering","BS","V50",1]
["Marco Vulpi","BS","S",1]
["Mark Lawrence","BS","S",1,24]
["Mart Wilds","BS","V50",1]
["Matt Cole","BS","S",1,47]
["Martin Brooks","BS","S",1,59]
["Nick Wagman","BS","S",1,62]
["Matt Mirandal","BS","S",1]
["Matthew Ironside","BS","S",1]
["Oliver Last","BS","V50",1,31]
["Peter Beatty","BS","V60",1,37]
["Paul Dearlove","BS","V60",1,64]
["Robert Carter","BS","V40",1,29]
["Rob Eddershaw","BS","V50",1,40]
["Robert Johnson","BS","S",1]
["Simon Ellice","BS","V40",1,15]
["Simon Wallace","BS","V40",1,96]
["Stephen Ball","BS","V60",1]
["Adam Chapman","BS","S",1]
["Alan Wilson","BS","V70",1]
["Andrew Barnes","BS","V40",1]
["Andrew Smith","BS","V50",1]
["Ben Pickford","BS","S",1]
["Benjamin Rosendale","BS","S",1]
["Bobbie Fisher","BS","S",1]
["Bryn Richards","BS","S",1]
["Chris Allan","BS","V40",1]
["Chris Brolly","BS","V50",1]
["Christian Barker","BS","S",1]
["Craig Dodgen","BS","V50",1]
["Dave Rogers","BS","V40",1]
["David Broughton","BS","V40",1]
["David McMillan","BS","V50",1]
["David Poole","BS","S",1]
["Gabe Lowrie","BS","S",1]
["Garry Stuart","BS","V40",1]
["Gary Jones","BS","V40",1]
["George Thomas","BS","V60",1]
["Harry Fishpool","BS","S",1]
["Ian Lyons","BS","V50",1]
["Ian McClymont","BS","V70",1]
["James Beale","BS","V40",1]
["James Bosher","BS","S",2]
["Janos Orsos","BS","S",1]
["Jared Bethell","BS","S",1]
["Jason Hasty","BS","V40",1]
["Jesus Figueroa-Lorente","BS","S",1]
["John Earley","BS","V40",1]
["John Etherden","BS","V70",1]
["John Kennedy","BS","V40",1]
["John Nichol","BS","V40",1]
["John Thorp","BS","V40",1]
["John Wright","BS","S",1]
["Jonathan Davies","BS","V50",1]
["Jonathan Haynes","BS","V60",1]
["Justin James","BS","V40",1]
["Keir Mann","BS","S",1]
["Keith Duncan","BS","V40",1]
["Laurence Foote","BS","V40",1]
["Lee Rhodes","BS","V40",1]
["Lewis Ratcliffe","BS","S",1]
["Liam Sheils","BS","V40",1]
["Mark Bisson","BS","V50",1]
["Mark Burkett","BS","V50",1]
["Mark James","BS","V40",1]
["Mark Spiller","BS","S",1]
["Martin O'Neill","BS","V40",1]
["Matthew Coaker","BS","S",1]
["Matthew Cole","BS","S",1]
["Matthew Eeles","BS","S",1]
["Michael Toomey","BS","V60",1]
["Michael Woodruff","BS","V50",1]
["Mike Grant","BS","V50",1]
["Nicolas Di Prima","BS","S",1]
["Oliver Edwards","BS","S",1]
["Owen Bailey","BS","S",1]
["Paul Dearlove","BS","V40",1]
["Paul Scofield","BS","V40",1]
["Peter Allen","BS","V60",1]
["Peter Wenzel","BS","V60",1]
["Philip Butson","BS","V50",1]
["Philip Chaplin","BS","V50",1]
["Philip Mathison","BS","S",1]
["Phillip Mansfield","BS","V40",1]
["Richard Eddershaw","BS","V50",1]
["Robert Carter","BS","V40",1]
["Robert Stewart","BS","S",1]
["Robin Watson","BS","V40",1]
["Robin Wells","BS","V40",1]
["Rohit Dayama","BS","S",1]
["Samuel Jarvis","BS","S",1]
["Simon Barrie","BS","S",1]
["Simon Cranmer","BS","V40",1]
["Simon Wallace","BS","V40",1]
["Stephen Crafford","BS","V50",1]
["Stephen Wilkes","BS","V40",1]
["Steve Prosser","BS","S",1]
["Steve Richards","BS","V50",1]
["Steven Strange","BS","S",1]
["Steven Vale","BS","V50",1]
["Stuart Davenport","BS","V50",1]
["Toby Allanson","BS","V40",1]
["Will Hallybone","BS","S",1]
["William Tuson","BS","V40",1]
["Adrian Fell","HRC","V40",1]
["Afewerk Rossom","HRC","S",2]
["Alan Broughton","HRC","V50",1]
["Stephen Wilkes","BS","V40",1,9]
["Stuart Davenport","BS","V50",1,80]
["Alan Cootes","HRC","V60",1,67]
["Alan Wellbelove","HRC","V50",1]
["Alec Laing","HRC","V40",1]
["Alex Smith","HRC","S",1]
["Amaniel Tesfay","HRC","S",2]
["Andrew Kinney","HRC","V40",1]
["Andrew Kitson","HRC","V40",1]
["Andrew Ramage","HRC","S",1]
["Andrew Smith","HRC","V40",1]
["Andrew Terrell","HRC","V40",1,30]
["Andy Bradley","HRC","V50",1]
["Andy Smith","HRC","V50",1]
["Andy Smith","HRC","S",1]
["Austin Nyamande","HRC","V50 ",1]
["Barry Mooney","HRC","V40",1]
["Ben Chitiyo","HRC","V40",1]
["Benjamin Usher","HRC","S",1]
["Brendon Maclean","HRC","S",1]
["Christopher McCarthy","HRC","S",1]
["Bill Bunton","HRC","V60",1,98]
["Colin Baker","HRC","V40",1,22]
["Colin Moody","HRC","V60",1]
["Craig Hooke","HRC","V40",1]
["Craig Segal","HRC","S",1]
["Daniel Jephcott","HRC","S",1]
["Danny McCree","HRC","S",1]
["Darren Coates","HRC","V40",1]
["Darren Rautenbach","HRC","V40",1]
["Darren Tiley","HRC","V40",1]
["David Croly","HRC","V50",1]
["David Martin","HRC","V40",1]
["David Morley","HRC","V50",1]
["Darren Rautenbage","HRC","V40",1,83]
["David Page","HRC","V50",1,88]
["David Smith","HRC","V40",1]
["Dean Bull","HRC","V40",1]
["Glen Smith","HRC","S",1,101]
["Graham Saville","HRC","V50",1,75]
["Greg Goodey","HRC","S",1]
["Hossein Erfani","HRC","V60",1]
["Ian  Charters","HRC","S",1]
["Jamie Jephcott","HRC","V40",1,57]
["Jason Haigh","HRC","V40",1]
["Jeff Mace","HRC","S",1]
["Jim Bates","HRC","V70",1]
["Jim Martin","HRC","V40",1]
["John Bull","HRC","V50",1,58]
["John Tennant","HRC","V60",1,70]
["Jon Steadman","HRC","V40",1]
["Jonathan French","HRC","S",1]
["Josh Shelton","HRC","S",1,34]
["Justin Patten","HRC","V40",1]
["Lee Walker","HRC","S",1]
["Liam Boylan","HRC","S",1]
["Mark Hayward","HRC","S",1]
["Mark Moulds","HRC","V40",2]
["Mark Ramsey","HRC","S",1]
["Lee Webber","HRC","V40",1,44]
["Martin Elven","HRC","V50",1]
["Martin McColgan","HRC","V60",1,90]
["Martin Westerley","HRC","S",1,6]
["Martyn Coulter","HRC","S",1]
["Matt Jones","HRC","V50",1]
["Michael Gornall","HRC","V50",1]
["Michael Houlihan","HRC","V50",1]
["Michale Gorrell","HRC","V50",1,99]
["Michael Woodruff","HRC","V50",2,28]
["Nick D'Alton","HRC","V40",1,33]
["Nick Ryley-Warren","HRC","S",1]
["Nicolas Rogers","HRC","S",1]
["Owen Haigh","HRC","S",1]
["Pasquale Pellecchia","HRC","V60",1]
["Paul Broyd","HRC","V40",1]
["Paul Dixon","HRC","V50",1]
["Paul Lee","HRC","V40",1]
["Paul Schroder","HRC","S",1,35]
["Paul Watts","HRC","V50",2]
["Peter Ayling","HRC","V60",1]
["Peter Mills","HRC","V70",1]
["Philip Randall","HRC","S",1]
["Richard Hynes","HRC","S",1]
["Rick Ricketts","HRC","V50",1]
["Rob Lowe","HRC","V40",1]
["Robert Earthy","HRC","V40",1]
["Robert Scott","HRC","V40",1]
["Robin Lozeau","HRC","V60",1]
["Ron Newton","HRC","V60",1,102]
["Ross Phillips","HRC","S",1]
["Roy Steven","HRC","V60",1]
["Ryan Smith","HRC","S",1]
["Sam Carter","HRC","S",1]
["Sean Flynn","HRC","V50",1]
["Shroom Wakefield","HRC","S",1]
["Spencer Brooks","HRC","V40",1,93]
["Steve Crosby","HRC","S",1]
["Steve MacKenzie","HRC","V50",1]
["Steve Warren","HRC","V50",1,72]
["Stuart Glynn","HRC","S",1]
["Terry Pike","HRC","V50",1]
["Terry Ridge","HRC","S",1]
["Vince Hayward","HRC","V60",1]
["Will Shoults","HRC","V60",1]
["William Wall","HRC","S",1]
["Alan Gleaves","SS","S",1]
["Vincent Martin ","HRC","V40",1,84]
["Alan Jones","SS","V50",1,38]
["Alex Smith","SS","S",2]
["Alex Smith","SS","S",2,14]
["Alistair Cooke","SS","V40",1,82]
["Andrew Flind","SS","V40",1]
["Andrew Flind","SS","V40",1,39]
["Andrew Mynott","SS","V40",1,3]
["Andy Bryant","SS","V50",1]
["Anthony Bacon","SS","S",1]
["Archie Ruggles-Brise","SS","S",1]
["Arthur Oliva","SS","V50",1]
["Barry Taylor","SS","V40",1]
["Bryn Reynolds","SS","S",2]
["Chris Outtersides","SS","V40",1]
["Christopher Dodge","SS","V50",1]
["Darren Barnes","SS","S",1]
["David Buckfield","SS","V50",1]
["David Cronk","SS","V50",1]
["David Johnson","SS","V40",1]
["Craig Dyce","SS","V50",1,10]
["David Martin","SS","V40",1,50]
["David Raimondo","SS","S",1]
["David Smith","SS","V50",1]
["David Tew","SS","V50",1]
["Gavin Long","SS","V40",1]
["Glenn Brennan","SS","V60",1]
["Graham Loudan","SS","V60",1]
["Guy Tremayne","SS","V50",1]
["Henry Rowe","SS","V60",1]
["Howard Williams","SS","V50",1]
["Iain Henley","SS","V40",1,7]
["Iain Rogers","SS","V50",1]
["Ian Christopher Scott","SS","V40",1]
["Ian MacDougall","SS","V50",1,11]
["James Hewlett","SS","V70",1,87]
["James Rye","SS","S",1]
["Jason Coles","SS","V40",1]
["Joe Hall","SS","V50",1,46]
["John Howe","SS","V70",1]
["John James","SS","V50",1,49]
["John Selby","SS","V50",1]
["Jonathan Moller","SS","S",1]
["Joseph Higham","SS","V40",1]
["Keith Savill","SS","V50",1,71]
["Larry Seligman","SS","V40",1]
["Lee Gamble","SS","V40",1,52]
["Lee Styles","SS","V40",1]
["Marco Arcidiacono","SS","V40",1]
["Mark Coutts","SS","V40",1]
["Marc Daynes","SS","S",1,65]
["Mark Fitzhenry","SS","V50",1,73]
["Mark Starte","SS","V50",1]
["Mark Thackstone","SS","V40",1]
["Martin Green","SS","V40",1]
["Matthew Billis","SS","V40",1,26]
["Michael Bradley","SS","V50",1]
["Mike Passhied","SS","V50",1,77]
["Neil Halls","SS","V40",1,48]
["Niall Sullivan","SS","V40",1]
["Nick White","SS","S",1]
["Nigel Coates","SS","V50",1,36]
["Oliver Diggins","SS","S",1]
["Oliver Stringer","SS","S",1]
["Paul Burgess","SS","V50",1]
["Richard Auty","SS","V40",1]
["Richard Williams","SS","V40",1]
["Rob Addison","SS","V40",1]
["Robert Shaw","SS","V60",1]
["Robert Woodward","SS","V50",1]
["Roger Reents-Curbelo","SS","S",1]
["Russ Sanford","SS","V40",1]
["Russell Peters","SS","V40",2]
["Simon Chambers","SS","V50",1]
["Rob Shaw","SS","V60",1,89]
["Russell Peters","SS","V40",1,78]
["Simon Cole","SS","V40",1]
["Simon Ede","SS","V40",1]
["Simon Gilbert","SS","S",1]
["Simon Ollerenshaw","SS","V40",1]
["Simon Page","SS","V40",1]
["Stephen Inkley","SS","V50",1]
["Stephen Reilly","SS","S",1]
["Steven McNicholas","SS","S",1]
["Stuart Gibson","SS","V50",1]
["Tim McMahon","SS","V40",1]
["Tim Penn","SS","V60",1]
["Stuart Gibson","SS","V50",1,61]
["Tim Mcmahon","SS","V40",1,32]
["Toby Lumsden","SS","V60",1,42]
["Tony Bacon","SS","S",2]
["Tony Kelly","SS","V50",1]
["Zennor Meeson","SS","S",1]
["Adam Guest","WJ","S",1]
["Adam Watson","WJ","S",1,25]
["Alan Rafferty","WJ","V50",1]
["Alan Randall","WJ","V50",1]
["Alan Taylor","WJ","V40",1]
["Andrew Christopher Moss","WJ","S",1]
["Andrew Cording","WJ","S",1]
["Alan Taylor","WJ","V40",1,45]
["Andrew Golding","WJ","V50",1]
["Andrew Kavanagh","WJ","S",1,23]
["Andrew Peter Sims","WJ","V50",1]
["Andrew Sturgess","WJ","V50",1]
["Andrew Tait","WJ","S",1,8]
["Andy French","WJ","V50",1]
["Barry O'Connor","WJ","S",1]
["Ben White","WJ","V40",1]
["Brian Smith","WJ","V70",1]
["Chis Heys","WJ","V50",1]
["Chris Ramsden","WJ","V60",1]
["Christopher Wognum","WJ","S",1]
["Clive Vernon Smith","WJ","V60",1]
["Colin Grace","WJ","V50",1]
["Colin Naman","WJ","V60",1]
["Daniel Kirby","WJ","S",1]
["Dave Bull","WJ","V40",1]
["David Burton","WJ","V60",1]
["David Pomeroy","WJ","S",1]
["Dean Bebb","WJ","V50",1]
["Dominic Esposito","WJ","S",1]
["Duncan  Gray ","WJ","S",1]
["Duncan Shaw","WJ","V50",1]
["Ellis Roberts","WJ","S",1]
["Frank O'Shea","WJ","V60",1]
["Garth Morris","WJ","V50",1,17]
["Gareth  Thomas","WJ","S",1,27]
["Gareth Tilbrook","WJ","S",1]
["Garth Morris","WJ","V50",1]
["Gary Crumlish","WJ","V40",1]
["Gary O'Leary","WJ","V50",1]
["Glenn Breed","WJ","V50",1]
["Graeme Simpson","WJ","S",1]
["Grant Glendinning","WJ","V40",1]
["Howard Roden","WJ","V40",1,13]
["Ian Balfour","WJ","V60",1]
["Jack  Oliver","WJ","V40",1,53]
["Jack Whitelegg","WJ","V40",1]
["James Adams","WJ","MS",1]
["James Clarke","WJ","V40",1]
["James Reed","WJ","S",1]
["Jamie Higgs","WJ","S",1]
["Jason Champion","WJ","V40",1]
["Jason Mentern","WJ","S",1]
["John Borgars","WJ","V70",2]
["John Butcher","WJ","V70",1]
["John Hair","WJ","V40",1]
["John Heywood","WJ","V70",1]
["John Mallett","WJ","V40",1]
["John Hair","WJ","V40",1,51]
["John Matthews","WJ","V40",2]
["John Russell Field","WJ","V50",1]
["Jon Ritsema","WJ","V40",1]
["Jon Williams","WJ","S",1]
["Jonathan Little","WJ","V60",1]
["Jonathon Nicholls","WJ","S",1]
["Joseph Michael Vinton","WJ","S",1]
["Joshua Dadd","WJ","S",1]
["Kaine Joel","WJ","V40",1]
["Karl Tunstall","WJ","V40",1,76]
["Kenny Blyth","WJ","V60",1]
["Kevin Francis","WJ","V40",1,4]
["Kevin Hart","WJ","V60",1]
["Larry Mangelshot","WJ","V50",1]
["Laurence Joseph Watson","WJ","V60",1]
["Les Taylor","WJ","V50",1]
["Mario Hamm","WJ","V40",1]
["Laurence Watson","WJ","V60",1,103]
["Mark Cyl","WJ","V40",1,19]
["Mark Ford","WJ","S",1]
["Mark Sanz","WJ","V40",1,41]
["Mark Vinson","WJ","V40",1]
["Mark Wilkinson","WJ","V50",1]
["Martin Blacker","WJ","V50",1]
["Martin Guy","WJ","S",1]
["Martin Perry","WJ","V50",1]
["Martin Sillitto","WJ","V50",1]
["Matthew Stephens","WJ","S",1]
["Michael Higgins ","WJ","V40",1]
["Matt Brown","WJ","S",1,18]
["Michael Waddington","WJ","S",1,1]
["Mike Holliday","WJ","V40",1]
["Mike Stock","WJ","V70",1]
["Neil Bull","WJ","V40",1]
["Neil Herritt","WJ","V40",1]
["Nick Cheal","WJ","V60",1,91]
["Nick  Sansom","WJ","V40",1]
["Nick Cheal","WJ","V60",1]
["Nick Kenyon-Muir","WJ","V40",1]
["Neil Bull","WJ","V40",1,16]
["Neil Merrit","WJ","V40",1,43]
["Oscar Bell","WJ","S",1,2]
["Pascal McManmon","WJ","V60",1]
["Paul Brennan","WJ","V50",1,60]
["Paul Cocklin","WJ","V50",1]
["Paul Heuvelmans","WJ","V40",1]
["Paul Martin","WJ","S",1]
["Paul Reddaway","WJ","V50",1]
["Peter Baker","WJ","V50",1,63]
["Peter Keats","WJ","V60",1]
["Peter Offord","WJ","V40",1]
["Phil Cunningham","WJ","V60",1]
["Phil Hudson","WJ","V60",1,94]
["Phillip James Barnard","WJ","V50",1]
["Phillip Steven Bebbington","WJ","S",1]
["Richard Coffey","WJ","V50",1,69]
["Richard Hearn","WJ","V40",1]
["Richard Stephens","WJ","V60",1]
["Richard van Maanenberg","WJ","V40",1]
["Richard Wain","WJ","S",1]
["Richard Waterton","WJ","V40",1]
["Robert Heppell","WJ","V50",1]
["Robert Jones","WJ","V60",1]
["Robert Waddingham","WJ","V60",1]
["Robert Wyer","WJ","S",1]
["Robert Waddingham","WJ","V60",1,95]
["Roger Partridge","WJ","V50",1]
["Roy Stringer","WJ","V70",1]
["Simon Joyce","WJ","V50",1]
["Simon Philpott","WJ","V40",1]
["Somasekhara Permmireddy","WJ","S",1]
["Stephen Johnson","WJ","V60",1]
["Stephen Page","WJ","V50",1]
["Stephen Tingley","WJ","V50",1]
["Steven Cox","WJ","V40",2]
["Stuart Ballard","WJ","V50",1]
["Stuart Chandler","WJ","S",1]
["Stephen Johnson","WJ","V60",1,100]
["Stuart Ballard","WJ","V50",1,74]
["Terry Harper","WJ","V50",1,85]
["Terry Nichols","WJ","V70",1]
["Timothy Brignall","WJ","S",1]
["Tom Pickering","WJ","S",1]
["Terry Nichols","WJ","V70",1,97]
["Tom Porter","WJ","S",1]
["Tony Browne","WJ","V60",1]
["Tony O'Sullivan","WJ","V50",1]
["Tony Rose","WJ","V50",1]
["Vincent Riviere","WJ","V40",1,5]
["Wayne Baxter","WJ","S",1]
["William Bloomfield ","WJ","V40",1]
["William Gristwood","WJ","V50",2]

{"sheet":"Runners","index":2,"n_rows":100,"n_cols":29,"rows_kept":100,"cut":false,"hidden":false,"merged":[]}
["Name","Club","Age Category","Claim","Position",null,"Ware Joggers",null,null,null,null,null,"Bishop's Stortford",null,null,null,null,null,"Harlow",null,null,null,null,null,"Saffron Striders"]
["Michael Waddington","WJ","S",1,1,null,"Name","Club","Age Category","Claim","Position",null,"Name","Club","Age Category","Claim","Position",null,"Name","Club","Age Category","Claim","Position",null,"Name","Club","Age Category","Claim","Position"]
["Oscar Bell","WJ","S",1,2,null,"Michael Waddington","WJ","S",1,1,null,"Stephen Wilkes","BS","V40",1,9,null,"Martin Westerley","HRC","S",1,6,null,"Andrew Mynott","SS","V40",1,3]
["Andrew Mynott","SS","V40",1,3,null,"Oscar Bell","WJ","S",1,2,null,"Chris Pitts","BS","V40",1,12,null,"Colin Baker","HRC","V40",1,22,null,"Iain Henley","SS","V40",1,7]
["Kevin Francis","WJ","V40",1,4,null,"Kevin Francis","WJ","V40",1,4,null,"Simon Ellice","BS","V40",1,15,null,"Michael Woodruff","HRC","V50",2,28,null,"Craig Dyce","SS","V50",1,10]
["Vincent Riviere","WJ","V40",1,5,null,"Vincent Riviere","WJ","V40",1,5,null,"Dave Cody","BS","V40",1,20,null,"Andrew Terrell","HRC","V40",1,30,null,"Ian MacDougall","SS","V50",1,11]
["Martin Westerley","HRC","S",1,6,null,"Andrew Tait","WJ","S",1,8,null,"Ben Pickford","BS","S",1,21,null,"Nick D'Alton","HRC","V40",1,33,null,"Alex Smith","SS","S",2,14]
["Iain Henley","SS","V40",1,7,null,"Howard Roden","WJ","V40",1,13,null,"Mark Lawrence","BS","S",1,24,null,"Josh Shelton","HRC","S",1,34,null,"Matthew Billis","SS","V40",1,26]
["Andrew Tait","WJ","S",1,8,null,"Neil Bull","WJ","V40",1,16,null,"Robert Carter","BS","V40",1,29,null,"Paul Schroder","HRC","S",1,35,null,"Tim Mcmahon","SS","V40",1,32]
["Stephen Wilkes","BS","V40",1,9,null,"Garth Morris","WJ","V50",1,17,null,"Oliver Last","BS","V50",1,31,null,"Lee Webber","HRC","V40",1,44,null,"Nigel Coates","SS","V50",1,36]
["Craig Dyce","SS","V50",1,10,null,"Matt Brown","WJ","S",1,18,null,"Peter Beatty","BS","V60",1,37,null,"Jamie Jephcott","HRC","V40",1,57,null,"Alan Jones","SS","V50",1,38]
["Ian MacDougall","SS","V50",1,11,null,"Mark Cyl","WJ","V40",1,19,null,"Rob Eddershaw","BS","V50",1,40,null,"John Bull","HRC","V50",1,58,null,"Andrew Flind","SS","V40",1,39]
["Chris Pitts","BS","V40",1,12,null,"Andrew Kavanagh","WJ","S",1,23,null,"Matt Cole","BS","S",1,47,null,"Alan Cootes","HRC","V60",1,67,null,"Toby Lumsden","SS","V60",1,42]
["Howard Roden","WJ","V40",1,13,null,"Adam Watson","WJ","S",1,25,null,"Lee Kirby","BS","V40",1,54,null,"John Tennant","HRC","V60",1,70,null,"Joe Hall","SS","V50",1,46]
["Alex Smith","SS","S",2,14,null,"Gareth  Thomas","WJ","S",1,27,null,"John Appleby","BS","V40",1,55,null,"Steve Warren","HRC","V50",1,72,null,"Neil Halls","SS","V40",1,48]
["Simon Ellice","BS","V40",1,15,null,"Mark Sanz","WJ","V40",1,41,null,"Ali Humphrey","BS","S",1,56,null,"Graham Saville","HRC","V50",1,75,null,"John James","SS","V50",1,49]
["Neil Bull","WJ","V40",1,16,null,"Neil Merrit","WJ","V40",1,43,null,"Martin Brooks","BS","S",1,59,null,"Darren Rautenbage","HRC","V40",1,83,null,"David Martin","SS","V40",1,50]
["Garth Morris","WJ","V50",1,17,null,"Alan Taylor","WJ","V40",1,45,null,"Nick Wagman","BS","S",1,62,null,"Vincent Martin ","HRC","V40",1,84,null,"Lee Gamble","SS","V40",1,52]
["Matt Brown","WJ","S",1,18,null,"John Hair","WJ","V40",1,51,null,"Paul Dearlove","BS","V60",1,64,null,"David Page","HRC","V50",1,88,null,"Stuart Gibson","SS","V50",1,61]
["Mark Cyl","WJ","V40",1,19,null,"Jack  Oliver","WJ","V40",1,53,null,"John Kennedy","BS","V50",1,66,null,"Martin McColgan","HRC","V60",1,90,null,"Marc Daynes","SS","S",1,65]
["Dave Cody","BS","V40",1,20,null,"Paul Brennan","WJ","V50",1,60,null,"Graham Slatter","BS","V60",1,68,null,"Spencer Brooks","HRC","V40",1,93,null,"Keith Savill","SS","V50",1,71]
["Ben Pickford","BS","S",1,21,null,"Peter Baker","WJ","V50",1,63,null,"Stuart Davenport","BS","V50",1,80,null,"Bill Bunton","HRC","V60",1,98,null,"Mark Fitzhenry","SS","V50",1,73]
["Colin Baker","HRC","V40",1,22,null,"Richard Coffey","WJ","V50",1,69,null,"Simon Wallace","BS","V40",1,96,null,"Michale Gorrell","HRC","V50",1,99,null,"Mike Passhied","SS","V50",1,77]
["Andrew Kavanagh","WJ","S",1,23,null,"Stuart Ballard","WJ","V50",1,74,null,null,null,null,null,null,null,"Glen Smith","HRC","S",1,101,null,"Russell Peters","SS","V40",1,78]
["Mark Lawrence","BS","S",1,24,null,"Karl Tunstall","WJ","V40",1,76,null,null,null,null,null,null,null,"Ron Newton","HRC","V60",1,102,null,"Alistair Cooke","SS","V40",1,82]
["Adam Watson","WJ","S",1,25,null,"Terry Harper","WJ","V50",1,85,null,null,null,null,null,null,null,null,null,null,null,null,null,"James Hewlett","SS","V70",1,87]
["Matthew Billis","SS","V40",1,26,null,"Nick Cheal","WJ","V60",1,91,null,null,null,null,null,null,null,null,null,null,null,null,null,"Rob Shaw","SS","V60",1,89]
["Gareth  Thomas","WJ","S",1,27,null,"Phil Hudson","WJ","V60",1,94]
["Michael Woodruff","HRC","V50",2,28,null,"Robert Waddingham","WJ","V60",1,95]
["Robert Carter","BS","V40",1,29,null,"Terry Nichols","WJ","V70",1,97]
["Andrew Terrell","HRC","V40",1,30,null,"Stephen Johnson","WJ","V60",1,100]
["Oliver Last","BS","V50",1,31,null,"Laurence Watson","WJ","V60",1,103]
["Tim Mcmahon","SS","V40",1,32]
["Nick D'Alton","HRC","V40",1,33]
["Josh Shelton","HRC","S",1,34]
["Paul Schroder","HRC","S",1,35]
["Nigel Coates","SS","V50",1,36]
["Peter Beatty","BS","V60",1,37]
["Alan Jones","SS","V50",1,38]
["Andrew Flind","SS","V40",1,39]
["Rob Eddershaw","BS","V50",1,40]
["Mark Sanz","WJ","V40",1,41]
["Toby Lumsden","SS","V60",1,42]
["Neil Merrit","WJ","V40",1,43]
["Lee Webber","HRC","V40",1,44]
["Alan Taylor","WJ","V40",1,45]
["Joe Hall","SS","V50",1,46]
["Matt Cole","BS","S",1,47]
["Neil Halls","SS","V40",1,48]
["John James","SS","V50",1,49]
["David Martin","SS","V40",1,50]
["John Hair","WJ","V40",1,51]
["Lee Gamble","SS","V40",1,52]
["Jack  Oliver","WJ","V40",1,53]
["Lee Kirby","BS","V40",1,54]
["John Appleby","BS","V40",1,55]
["Ali Humphrey","BS","S",1,56]
["Jamie Jephcott","HRC","V40",1,57]
["John Bull","HRC","V50",1,58]
["Martin Brooks","BS","S",1,59]
["Paul Brennan","WJ","V50",1,60]
["Stuart Gibson","SS","V50",1,61]
["Nick Wagman","BS","S",1,62]
["Peter Baker","WJ","V50",1,63]
["Paul Dearlove","BS","V60",1,64]
["Marc Daynes","SS","S",1,65]
["John Kennedy","BS","V50",1,66]
["Alan Cootes","HRC","V60",1,67]
["Graham Slatter","BS","V60",1,68]
["Richard Coffey","WJ","V50",1,69]
["John Tennant","HRC","V60",1,70]
["Keith Savill","SS","V50",1,71]
["Steve Warren","HRC","V50",1,72]
["Mark Fitzhenry","SS","V50",1,73]
["Stuart Ballard","WJ","V50",1,74]
["Graham Saville","HRC","V50",1,75]
["Karl Tunstall","WJ","V40",1,76]
["Mike Passhied","SS","V50",1,77]
["Russell Peters","SS","V40",1,78]
["Stuart Davenport","BS","V50",1,80]
["Alistair Cooke","SS","V40",1,82]
["Darren Rautenbage","HRC","V40",1,83]
["Vincent Martin ","HRC","V40",1,84]
["Terry Harper","WJ","V50",1,85]
["James Hewlett","SS","V70",1,87]
["David Page","HRC","V50",1,88]
["Rob Shaw","SS","V60",1,89]
["Martin McColgan","HRC","V60",1,90]
["Nick Cheal","WJ","V60",1,91]
["Spencer Brooks","HRC","V40",1,93]
["Phil Hudson","WJ","V60",1,94]
["Robert Waddingham","WJ","V60",1,95]
["Simon Wallace","BS","V40",1,96]
["Terry Nichols","WJ","V70",1,97]
["Bill Bunton","HRC","V60",1,98]
["Michale Gorrell","HRC","V50",1,99]
["Stephen Johnson","WJ","V60",1,100]
["Glen Smith","HRC","S",1,101]
["Ron Newton","HRC","V60",1,102]
["Laurence Watson","WJ","V60",1,103]

{"sheet":"Categories","index":3,"n_rows":42,"n_cols":34,"rows_kept":42,"cut":false,"hidden":false,"merged":[]}
["Senior",null,null,null,null,null,null,"Vet 40",null,null,null,null,null,null,"Vet 50",null,null,null,null,null,null,"Vet 60",null,null,null,null,null,null,"Vet 70"]
["Name","Club","Age Category","Claim","Overall Position","Category Position",null,"Name","Club","Age Category","Claim","Overall Position","Category Position",null,"Name","Club","Age Category","Claim","Overall Position","Category Position",null,"Name","Club","Age Category","Claim","Overall Position","Category Position",null,"Name","Club","Age Category","Claim","Overall Position","Category Position"]
["Michael Waddington","WJ","S",1,1,1,null,"Andrew Mynott","SS","V40",1,3,1,null,"Craig Dyce","SS","V50",1,10,1,null,"Peter Beatty","BS","V60",1,37,1,null,"James Hewlett","SS","V70",1,87,1]
["Oscar Bell","WJ","S",1,2,2,null,"Kevin Francis","WJ","V40",1,4,2,null,"Ian MacDougall","SS","V50",1,11,2,null,"Toby Lumsden","SS","V60",1,42,2,null,"Terry Nichols","WJ","V70",1,97,2]
["Martin Westerley","HRC","S",1,6,3,null,"Vincent Riviere","WJ","V40",1,5,3,null,"Garth Morris","WJ","V50",1,17,3,null,"Paul Dearlove","BS","V60",1,64,3]
["Andrew Tait","WJ","S",1,8,4,null,"Iain Henley","SS","V40",1,7,4,null,"Michael Woodruff","HRC","V50",2,28,4,null,"Alan Cootes","HRC","V60",1,67,4]
["Alex Smith","SS","S",2,14,5,null,"Stephen Wilkes","BS","V40",1,9,5,null,"Oliver Last","BS","V50",1,31,5,null,"Graham Slatter","BS","V60",1,68,5]
["Matt Brown","WJ","S",1,18,6,null,"Chris Pitts","BS","V40",1,12,6,null,"Nigel Coates","SS","V50",1,36,6,null,"John Tennant","HRC","V60",1,70,6]
["Ben Pickford","BS","S",1,21,7,null,"Howard Roden","WJ","V40",1,13,7,null,"Alan Jones","SS","V50",1,38,7,null,"Rob Shaw","SS","V60",1,89,7]
["Andrew Kavanagh","WJ","S",1,23,8,null,"Simon Ellice","BS","V40",1,15,8,null,"Rob Eddershaw","BS","V50",1,40,8,null,"Martin McColgan","HRC","V60",1,90,8]
["Mark Lawrence","BS","S",1,24,9,null,"Neil Bull","WJ","V40",1,16,9,null,"Joe Hall","SS","V50",1,46,9,null,"Nick Cheal","WJ","V60",1,91,9]
["Adam Watson","WJ","S",1,25,10,null,"Mark Cyl","WJ","V40",1,19,10,null,"John James","SS","V50",1,49,10,null,"Phil Hudson","WJ","V60",1,94,10]
["Gareth  Thomas","WJ","S",1,27,11,null,"Dave Cody","BS","V40",1,20,11,null,"John Bull","HRC","V50",1,58,11,null,"Robert Waddingham","WJ","V60",1,95,11]
["Josh Shelton","HRC","S",1,34,12,null,"Colin Baker","HRC","V40",1,22,12,null,"Paul Brennan","WJ","V50",1,60,12,null,"Bill Bunton","HRC","V60",1,98,12]
["Paul Schroder","HRC","S",1,35,13,null,"Matthew Billis","SS","V40",1,26,13,null,"Stuart Gibson","SS","V50",1,61,13,null,"Stephen Johnson","WJ","V60",1,100,13]
["Matt Cole","BS","S",1,47,14,null,"Robert Carter","BS","V40",1,29,14,null,"Peter Baker","WJ","V50",1,63,14,null,"Ron Newton","HRC","V60",1,102,14]
["Ali Humphrey","BS","S",1,56,15,null,"Andrew Terrell","HRC","V40",1,30,15,null,"John Kennedy","BS","V50",1,66,15,null,"Laurence Watson","WJ","V60",1,103,15]
["Martin Brooks","BS","S",1,59,16,null,"Tim Mcmahon","SS","V40",1,32,16,null,"Richard Coffey","WJ","V50",1,69,16,null,"Phil Hudson","WJ","V60",1,115,16]
["Nick Wagman","BS","S",1,62,17,null,"Nick D'Alton","HRC","V40",1,33,17,null,"Keith Savill","SS","V50",1,71,17,null,"Ron Newton","HRC","V60",1,116,17]
["Marc Daynes","SS","S",1,65,18,null,"Andrew Flind","SS","V40",1,39,18,null,"Steve Warren","HRC","V50",1,72,18]
["Glen Smith","HRC","S",1,101,19,null,"Mark Sanz","WJ","V40",1,41,19,null,"Mark Fitzhenry","SS","V50",1,73,19]
[null,null,null,null,null,null,null,"Neil Merrit","WJ","V40",1,43,20,null,"Stuart Ballard","WJ","V50",1,74,20]
[null,null,null,null,null,null,null,"Lee Webber","HRC","V40",1,44,21,null,"Graham Saville","HRC","V50",1,75,21]
[null,null,null,null,null,null,null,"Alan Taylor","WJ","V40",1,45,22,null,"Mike Passhied","SS","V50",1,77,22]
[null,null,null,null,null,null,null,"Neil Halls","SS","V40",1,48,23,null,"Stuart Davenport","BS","V50",1,80,23]
[null,null,null,null,null,null,null,"David Martin","SS","V40",1,50,24,null,"Terry Harper","WJ","V50",1,85,24]
[null,null,null,null,null,null,null,"John Hair","WJ","V40",1,51,25,null,"David Page","HRC","V50",1,88,25]
[null,null,null,null,null,null,null,"Lee Gamble","SS","V40",1,52,26,null,"Michale Gorrell","HRC","V50",1,99,26]
[null,null,null,null,null,null,null,"Jack  Oliver","WJ","V40",1,53,27,null,null,"HRC","V50",1,104,27]
[null,null,null,null,null,null,null,"Lee Kirby","BS","V40",1,54,28,null,null,"WJ","V50",1,105,28]
[null,null,null,null,null,null,null,"John Appleby","BS","V40",1,55,29,null,null,"WJ","V50",1,106,29]
[null,null,null,null,null,null,null,"Jamie Jephcott","HRC","V40",1,57,30,null,null,"BS","V50",1,108,30]
[null,null,null,null,null,null,null,"Karl Tunstall","WJ","V40",1,76,31,null,null,"WJ","V50",1,110,31]
[null,null,null,null,null,null,null,"Russell Peters","SS","V40",1,78,32,null,null,"WJ","V50",1,112,32]
[null,null,null,null,null,null,null,"Alistair Cooke","SS","V40",1,82,33,null,null,"SS","V50",1,113,33]
[null,null,null,null,null,null,null,"Darren Rautenbage","HRC","V40",1,83,34,null,null,"WJ","V50",1,106,34]
[null,null,null,null,null,null,null,"Vincent Martin ","HRC","V40",1,84,35,null,null,"BS","V50",1,108,35]
[null,null,null,null,null,null,null,"Spencer Brooks","HRC","V40",1,93,36,null,null,"BS","V50",1,108,36]
[null,null,null,null,null,null,null,"Simon Wallace","BS","V40",1,96,37,null,null,"BS","V50",1,108,37]
[null,null,null,null,null,null,null,null,null,null,null,null,null,null,null,"WJ","V50",1,110,38]
[null,null,null,null,null,null,null,null,null,null,null,null,null,null,null,"WJ","V50",1,112,39]
[null,null,null,null,null,null,null,null,null,null,null,null,null,null,null,"SS","V50",1,113,40]